 Let h(q) = q**2 - 5*q + 3. What is the remainder when h(l) is divided by 5?
2
Let j(n) = n**3 - 28*n**2 + 3*n - 50. What is the remainder when 168 is divided by j(28)?
32
Let i(h) = -1 - h - 7*h + 3. What is the remainder when (2/(-12) - (-1)/(-6))*-102 is divided by i(-2)?
16
Let a(l) = 2*l**2 + 8*l - 6. Calculate the remainder when a(-6) is divided by 3.
0
Suppose -2*y + 15 = -3*h, 2*y - 8 = 4*h + 10. Suppose -2*s = -2*j + 20, -y*j - 10 = -4*j - 3*s. Calculate the remainder when 29 is divided by j.
9
Suppose 2*p = 5*p - 69. Calculate the remainder when p is divided by 8.
7
Suppose 5*g - 18 + 7 = -3*r, r + 19 = 4*g. What is the remainder when g is divided by 2?
0
Let u(a) = -3*a + 3*a + 15*a**2 + 2*a**2. Suppose -134 - 61 = -3*g. What is the remainder when g is divided by u(1)?
14
Let i = -206 - -147. Let x = -41 - i. Let f = 16 - 6. What is the remainder when x is divided by f?
8
Suppose 2*t - 13 = 3. Calculate the remainder when 29 is divided by t.
5
Suppose 4*x - x = 30. Let k = 4 - 4. Suppose k = z - 14 - 15. Calculate the remainder when z is divided by x.
9
Calculate the remainder when 32 is divided by (-102)/18*1*-3.
15
Let a(w) = 38*w. Let i(p) = p**2 + 3*p + 3. Let s(g) = -2*g**2. Let r be s(-1). Let n be i(r). What is the remainder when a(n) is divided by 13?
12
Let f = -15 - -9. Suppose -z = 2*x - 32, 0*x + 2*x = 5*z + 8. Calculate the remainder when (-4)/f + (-363)/(-9) is divided by x.
13
Suppose g - 25 = j, -3*g + j - 2*j + 75 = 0. What is the remainder when 99 is divided by g?
24
Suppose 3*m + 3 - 33 = 0. Calculate the remainder when 38 is divided by m.
8
Let k = 49 + -45. What is the remainder when k is divided by 2?
0
Let i(q) = 20*q - 90. What is the remainder when i(8) is divided by 19?
13
Let v = 32 + -22. Calculate the remainder when 28 is divided by v.
8
Suppose 10 = 2*s + j + 2, 4*s - 6 = 3*j. Suppose -5*i = -0*d + 3*d - 155, d - 33 = s*i. Calculate the remainder when d is divided by 12.
9
Let f = 24 - -8. Suppose -v + 3*v - 4*o - 52 = 0, -v - o + f = 0. What is the remainder when 117 is divided by v?
27
Let d be 1 - (0 - 3)*1. Suppose -5*m - 2*v = -49, -d*m + 8 + 48 = -4*v. What is the remainder when m is divided by 2?
1
Suppose -3*n + 186 = -0*n. Suppose -v - 3*d = 3*v - 68, 0 = -5*v + 2*d + n. What is the remainder when 40 is divided by v?
12
Suppose -i - 6 = 3. Let z = -1 + 18. Let k = i + z. Calculate the remainder when 14 is divided by k.
6
Suppose 5*r - 6 = 2*r. Suppose -3*s + r*s + 3 = 0. Let w = s - 0. Calculate the remainder when w is divided by 3.
0
Let w = 16 - 4. Suppose w = -d + 61. Calculate the remainder when d is divided by 17.
15
Let m = 2 + -6. Let i be -2*2*(-2)/m. Let c = 8 - i. What is the remainder when 29 is divided by c?
9
Let o(t) = t**2 + t + 1. Let p(a) = 7*a**2 + 3*a + 4. Let d(g) = -6*o(g) + p(g). What is the remainder when d(4) is divided by ((-4)/(-3))/(2/3)?
0
Suppose 2*c = -3*m + 12 + 288, -c + 3*m = -150. Suppose c = 3*j - 60. Suppose q = 3*q - j. What is the remainder when q is divided by 12?
11
Let a(u) = u**2 - 11*u + 4. Let x be a(9). Let k be x/(-63) - (-16)/9. Suppose 0*d - k = -2*d. Calculate the remainder when 2 is divided by d.
0
Let f(b) = 2*b + 12. Let j = -59 + 106. What is the remainder when j is divided by f(0)?
11
Let h(x) be the third derivative of -5*x**4/12 + x**3/6 - 6*x**2. Let z be 26/(-10) - 2/5. Calculate the remainder when h(z) is divided by 11.
9
Let h(g) = g**2 - 4*g + 2. Suppose -9*y - 4 = -10*y. What is the remainder when h(6) is divided by y?
2
Calculate the remainder when 109/2 - 1/2 is divided by 14.
12
Suppose 3*u + 2*u - 310 = -5*k, 262 = 4*k - 3*u. What is the remainder when k is divided by 34?
30
Suppose 7*d = 9*d - 8. Suppose -y = -3*l + 3*y + d, 0 = -2*l - 5*y + 41. Let s = -10 - -33. What is the remainder when s is divided by l?
7
Calculate the remainder when (-154)/(-4) + (-1)/2 is divided by ((-130)/(-15))/(2/3).
12
Let s be (1/(-2))/((-1)/(-8)). Calculate the remainder when 10 is divided by 9/s*8/(-3).
4
Let s = 118 - 76. Calculate the remainder when s is divided by 19.
4
Let f(d) = d + 13. Let t be f(-7). Suppose -t*s - 254 = -620. What is the remainder when s is divided by 31?
30
Let o(d) = 2*d**3 + d**2 - 2*d - 4. What is the remainder when o(3) is divided by 19?
15
Suppose 0 = t - 18 + 7. Suppose -4*a + 149 = -23. What is the remainder when a is divided by t?
10
Let x(f) = -f. Let w(g) = -7*g + 14. Let r(z) = w(z) - 2*x(z). Calculate the remainder when r(-12) is divided by 19.
17
Let v = -35 + 119. Calculate the remainder when v is divided by 29.
26
Let l(g) = 32*g**2 - 4*g - 2. Calculate the remainder when l(-1) is divided by 18.
16
Suppose 68 = -4*a - 12. Suppose -4*x - 9 = -3*j + 3, -3*x - 16 = -4*j. Let b = x - a. Calculate the remainder when 59 is divided by b.
19
Let d(t) = t**3 + t**2 - 10*t - 12. Calculate the remainder when d(5) is divided by 30.
28
Suppose t - 1 = 2. Calculate the remainder when (0 - -1)/((-4)/(-24)) is divided by t.
0
Let m = 31 - 12. Let b = m + 24. Calculate the remainder when b is divided by 22.
21
Let z be -2*1*1 - -13. Let j = z - 8. Calculate the remainder when (2/(-4))/(2/(-28)) is divided by j.
1
Let j be (-18)/6*(-1)/3. Let h = 5 - 8. Calculate the remainder when 12 is divided by 0/(h/j) + 7.
5
Let i(h) = -2*h + 2. Let z(v) = -1. Let p(f) = -i(f) - 12*z(f). Calculate the remainder when 70 is divided by p(7).
22
Suppose h + 41 = -44. Let a = -50 - h. Calculate the remainder when 9 is divided by (14/a)/((-2)/(-20)).
1
Let u = -97 + 166. What is the remainder when 341 is divided by u?
65
Let s be (-1)/1 - 2*2. Let c = 0 - s. Suppose 0 = c*q - 2*x - 60, q + 0*x = 4*x - 6. Calculate the remainder when 41 is divided by q.
13
Suppose 2*m + m - 47 = 5*h, 4*h - 29 = -5*m. Calculate the remainder when m is divided by 3.
0
Let t(j) = -j**2 + 10*j - 5. Calculate the remainder when 37 is divided by t(5).
17
Suppose 164 = 5*m + 3*q, -q + 9 = 2*q. Let p = -8 - -24. What is the remainder when m is divided by p?
15
Let b(q) = q**2 - 10*q - 2. What is the remainder when b(12) is divided by 6?
4
Suppose x - 3*f = 2*x - 4, 4*f - 10 = -2*x. What is the remainder when 96 is divided by x?
5
Calculate the remainder when (-47)/(-4*1 - -3) is divided by 25.
22
Let r = -7 - -12. Suppose 2*z - 2*x + x - 7 = 0, -2*x = -10. Suppose -z = -f - m, -14 = -5*f + r*m - 2*m. Calculate the remainder when f is divided by 2.
0
Suppose -6*g = -2*g - 52. Calculate the remainder when 103 is divided by g.
12
Let s = 51 - 20. Calculate the remainder when 61 is divided by s.
30
Suppose k + 4*k = 130. Calculate the remainder when 77 is divided by k.
25
Suppose 4*f - 18 = -2. Suppose 0 = -k - f*k + 70. Calculate the remainder when 26 is divided by k.
12
Suppose -3*l - 28 = -2*a - l, 0 = -5*a - 5*l + 70. Calculate the remainder when (-7 + 5)*41/(-2) is divided by a.
13
Let r = -5 - -23. Calculate the remainder when r is divided by 13 - (4 - (-4)/(-4)).
8
Suppose -2*z + 50 = -3*h, 0 = z + 2*h - 15 - 17. What is the remainder when z is divided by 15?
13
Suppose 5*z + 4*q = 3*z + 12, 0 = -z - 5*q + 12. Suppose 4*t + 2*v = 1 + 3, -5*t = -2*v - 23. What is the remainder when t is divided by z?
1
Suppose -3*i + 152 = 5*q, -2*i + 7*i + 5*q - 240 = 0. What is the remainder when 86 is divided by i?
42
Let l(c) = 5*c**3 + c**2 + c - 2. Calculate the remainder when 12 is divided by l(1).
2
Let k(h) = -h**3 + 7*h**2 + 12*h - 9. What is the remainder when k(8) is divided by 4?
3
Suppose -6 + 1 = -5*p. Suppose -p + 7 = -2*c. Let b = c - -17. Calculate the remainder when b is divided by 8.
6
Let y(w) = w**2 - w - 1. Let a(d) = -5*d**2 + 5*d + 5. Let u(m) = -a(m) - 4*y(m). What is the remainder when u(-4) is divided by ((-22)/(-4))/((-8)/(-16))?
8
Suppose 1 = -a + 36. What is the remainder when a is divided by 12?
11
Let z = 80 - 26. Calculate the remainder when z is divided by 14.
12
Let g(n) = -n**3 + 13*n**2 - 13*n + 25. Calculate the remainder when (-3 - -1) + 0 + 53 is divided by g(12).
12
Suppose 0 = 18*j - 22*j + 8. Calculate the remainder when 74 is divided by ((-3)/j)/((-4)/40).
14
Let r = 39 + -14. Calculate the remainder when r is divided by (6/18)/(4/168).
11
Let c(h) be the first derivative of -h**3/3 + h**2/2 + 7*h - 5. What is the remainder when 20 